*4/12 - 2*q**3/3 - q**2 + 3*q. List the prime factors of n(-6).
2, 29
Suppose -9 = f - 4*f. Suppose 3*v - 4*l - 22 = 0, 0 = -f*v - 6*l + 4*l + 52. What are the prime factors of v?
2, 7
Let u(w) be the first derivative of 3*w**5/5 - w**4/12 - w**3/6 + w**2/2 - w + 1. Let q(g) be the first derivative of u(g). List the prime factors of q(1).
11
Let j be ((-9)/(-5))/(5/75). Let y = j - 9. List the prime factors of y.
2, 3
Suppose 0 = -7*k + 2*k + 30. Let d(w) = -2*w**3 + 2*w**3 + 6*w**2 + w - w**3 + 2. List the prime factors of d(k).
2
Let c(u) = u**2 + u + 3. Let k be c(0). Suppose -g = -1, -k*i + 37 = 3*g + g. What are the prime factors of i?
11
Let m(z) = -z**2 - 6*z. Let x be m(-6). Suppose r + 2*r - 19 = -4*d, 3*r = 3*d - 30. Let y = d + x. List the prime factors of y.
7
Suppose -3*z - 3 = -4*z. Let y(g) = 2*g**2 - 2*g - 2. List the prime factors of y(z).
2, 5
Let v = -29 - -17. Let x = v - -21. List the prime factors of x.
3
Let u = 7 + -4. Let q be 3 - (-1)/((-1)/1). Suppose -25 = -u*c + q*a, 0*c + a = -5*c + 59. List the prime factors of c.
11
Let k = -23 + 32. Let g(m) = -m**2 + 10*m - 3. List the prime factors of g(k).
2, 3
Let h(k) = -k - 1. Let w be h(2). Let p be (-110)/25 + w/5. Let g = 7 + p. What are the prime factors of g?
2
Suppose -4*k - 13 = -v, 3*k - k + 29 = 5*v. Suppose 5*u - 4*t - 17 = 0, -18 = -v*u - 4*t + 15. What are the prime factors of u?
5
List the prime factors of (-1)/1 + 181 + 3.
3, 61
Let i be 1 - (2 + -3 + -1). Suppose 9 = -3*b + 3*y, y = -i*b - 3*y + 12. Suppose 36 = 4*k - b*k. What are the prime factors of k?
3
Suppose -2 = 5*i + 8. Let j = 5 + i. Suppose j*f = -2*x + 29, -f - 4*x = -0*f - 13. What are the prime factors of f?
3
Let d(o) = o**2 - 3*o - 5. Let u be d(7). Let l = u - 5. List the prime factors of l.
2, 3
Suppose 4*z - 3*k = -5*k + 978, -3*z + 2*k + 716 = 0. List the prime factors of z.
2, 11
Suppose 0 = 2*g - 7*g + 10. Suppose 4*a - 130 = -5*k, -3*k - g*k - a = -145. What are the prime factors of k?
2, 3, 5
Let d(w) = w + 11. Let r be d(-10). Let x be 0/(-1) + 5/r. Suppose -k = 2*j - 22, -4*j - 50 = -8*j - x*k. List the prime factors of j.
2, 5
Let q = 14 - -28. Suppose 0*x - 2*x = -q. Suppose x = 3*j - 12. List the prime factors of j.
11
Let v be (-3)/9 + (-20)/(-6). Suppose -25 = -3*h - 5*f, 2*h + v*h = 2*f + 21. Suppose 30 = -0*l + h*l. List the prime factors of l.
2, 3
Suppose -s = 2*s + 21. Let n = 9 + s. Suppose 10 = 2*a, n*a = 4*z + 4*a - 30. List the prime factors of z.
5
Let c = -6 - -24. Suppose 2*k + 3 = 1, -4*w - 4*k + 120 = 0. Let z = w - c. What are the prime factors of z?
13
Suppose -7*g + 3*g - 4*t = 12, 4*g + 5*t = -16. Suppose 0 = a - 2 + 3. List the prime factors of 0/a + (g - -10).
11
Let u(w) = -w**3 + 2*w**2 + 4*w + 13. List the prime factors of u(-4).
3, 31
Let s(o) = o**3 - o**2 + 1. Let l be s(2). Suppose 203 = l*z + 48. Suppose -3*n = -z + 4. List the prime factors of n.
3
Suppose -3*x + 4 - 9 = -2*a, 5*a + 2*x - 60 = 0. Suppose 0 = -u + 11 + a. List the prime factors of u.
3, 7
Suppose -125 = -4*u + 439. List the prime factors of u.
3, 47
Let y(o) = -2*o**2 - 3*o - 2. Let h be y(-2). Let a(r) = 3*r**2 + 6*r + 1. List the prime factors of a(h).
5
Suppose -2*w + 23 = -s, -2*w + 3*s + 51 = 2*w. Suppose 0*h + w = h. Let t = h + 6. What are the prime factors of t?
3, 5
Let f(d) = d - 18. Let r be f(9). Let w = r - -2. Let u = w - -12. List the prime factors of u.
5
Let v be (-5)/(-10) + (-29)/(-2). List the prime factors of (-1*2 - 0) + v.
13
Suppose 0 = 3*z - r - 229, -150 = -2*z - 0*z + 2*r. Suppose 3*h + 14 = z. What are the prime factors of h?
3, 7
Suppose 4*n = 11 + 5. Suppose -1 - n = l. Let x(q) = q**3 + 5*q**2 - 3*q - 1. What are the prime factors of x(l)?
2, 7
Let d(m) = 4*m + 88. What are the prime factors of d(0)?
2, 11
Let l = -6 + 10. Suppose -6 = -c - 2*x + l, -3*c + 2 = -x. Suppose -f + 24 = c*f. What are the prime factors of f?
2
Let f(g) = -g**2 - 9*g - 6. Let x = -2 - 3. What are the prime factors of f(x)?
2, 7
List the prime factors of (2/(-5))/(5/(-50)).
2
Suppose 3*o = -o + 88. List the prime factors of o.
2, 11
Suppose 2*u + 5*c - 389 = 0, -4*u = -9*u + c + 1040. What are the prime factors of u?
3, 23
Let f be -2 - (-1 + -47)/2. Let q = 32 - f. What are the prime factors of 15*1/(q/6)?
3
Suppose 4*c = 0, 135 = 3*i + 5*c - 0*c. List the prime factors of i.
3, 5
What are the prime factors of 31 - 6/(-3) - -1?
2, 17
Let y = 18 + -14. Let l = 43 - y. List the prime factors of l.
3, 13
Let r(p) = -11*p + 5. Let y(s) = 10*s - 4. Let t(j) = -4*r(j) - 5*y(j). Let o(i) = -i**3 + 4*i**2 - i + 3. Let b be o(4). What are the prime factors of t(b)?
2, 3
Suppose -3*y + 836 = 5*s, 4*s - 671 = -3*y - 1. Suppose v + s = 3*t, 3*t + 4*v = -0*t + 146. What are the prime factors of t?
2, 3
Let w = -122 + 49. Let q = -25 - w. What are the prime factors of q?
2, 3
Let m(d) = -2*d**2 + 8*d + 10. Let i be m(9). Let v = -41 - i. What are the prime factors of v?
3, 13
Let p = -38 + 44. List the prime factors of p.
2, 3
Let a(f) = -f**3 + 3*f**2 + 2*f - 3. Suppose 0 = 3*y - 5*z - 29, -y - 4*z - 8 = 5. What are the prime factors of a(y)?
3
Suppose -2*m = -9*m + 966. What are the prime factors of m?
2, 3, 23
What are the prime factors of 316/28 + (-6)/21?
11
Let k(t) = -6*t - 19. List the prime factors of k(-10).
41
What are the prime factors of (-2 + 0 - -1) + -9 + 142?
2, 3, 11
What are the prime factors of (-9)/(-15) - (-1519)/35?
2, 11
Let s = -5 - -7. Let h be 1/(s*(-2)/44). Let r(w) = w**3 + 11*w**2 - 2*w - 13. What are the prime factors of r(h)?
3
List the prime factors of 16 - 3 - 0*3/6.
13
Suppose -l = -10 + 4. Suppose l*u = u. What are the prime factors of u + 2 + 18/2?
11
Suppose 2*w - 119 = -3*g, -w + 4*g - 122 = -3*w. Suppose -5*m = 4*v - w, 0 = 3*v - v - m - 17. List the prime factors of v.
2, 5
Suppose -6*n = -2*n + 2*b - 230, 0 = 3*n - 3*b - 195. List the prime factors of n.
2, 3, 5
Let h(k) = -k**2 - 16*k - 14. List the prime factors of h(-14).
2, 7
Suppose 2*p = -p - 5*l + 28, -35 = -3*p + 2*l. Let c = p + -7. List the prime factors of c.
2
Suppose 0 = -47*i + 46*i + 219. What are the prime factors of i?
3, 73
Suppose 19*f - 18*f - 37 = 0. List the prime factors of f.
37
Let r = 3 + 16. Suppose w = -0*w + r. What are the prime factors of w?
19
Let k(v) = -v + 9. Let z be k(4). Suppose -2*h + 4*r = -14, -2*h + 6*h - z*r = 28. What are the prime factors of h?
7
Suppose 3*v = -q + 17 + 129, v - 540 = -4*q. What are the prime factors of q?
2, 67
Suppose -139 = -3*x - 28. List the prime factors of x.
37
Let v be (0/(-13))/(3 + 0). Suppose 4*z - 127 = 3*i, v*z + z + 3*i = 28. What are the prime factors of z?
31
Let w(c) = 2*c - 5. Let k(j) = -j + 2. Let g(u) = 13*k(u) + 6*w(u). Let d be g(-6). Suppose -d*h - 7 = -39. List the prime factors of h.
2
Let h = 147 + 6. List the prime factors of h.
3, 17
Suppose -120 = -5*s - 5*d, 2*d + 98 = 4*s - 16. Suppose 10 = 5*n + 5*k, -4*k - 42 + 5 = -5*n. Suppose n*y - 18 - s = 0. What are the prime factors of y?
3
Let h(k) be the second derivative of -k**2 + 1/6*k**3 + 0 - k. What are the prime factors of h(10)?
2
Let c = 87 - 5. What are the prime factors of c?
2, 41
Let c(o) = o. Let j be c(2). Let z be (0 - j - -9)/(-1). Let t = 11 + z. What are the prime factors of t?
2
Suppose -3*f + 18 = -5*l, 3*l - f - 8 = -22. Let y(k) be the third derivative of k**5/60 + k**4/4 + 7*k**3/6 - k**2. What are the prime factors of y(l)?
7
Let r(g) = g**2 + g. Let u be r(0). Let t = 0 - -2. Suppose u*k - 12 = -t*k. What are the prime factors of k?
2, 3
Let s be 1 - (2 + -3*1). Let l = s + 1. Suppose -k + l*o + 18 = 0, 5*k + o - 7 = k. List the prime factors of k.
3
Let d(f) be the second derivative of -f**4/12 - f**3 + f**2 + 4*f. What are the prime factors of d(-4)?
2, 5
Suppose -2*k - 25 = -4*b - k, 16 = 3*b + 2*k. Let v be (-1)/(-2) + 3/b. List the prime factors of (0 + -1 + 3)*v.
2
Let d(q) = -q + 3. Let j be d(-2). Suppose 0 = -3*y - j*i + 41, -11 - 18 = -2*y - 3*i. List the prime factors of y.
2, 11
Let v = 414 - 171. List the prime factors of v.
3
Suppose 0 = -3*r + r + 44. What are the prime factors of r?
2, 11
Let b = 35 - -37. Let m = b - 48. What are the prime factors of m?
2, 3
Let d(u) = u**2 + 9*u + 14. Let w be d(-6). Let y = w - 